{"id":802,"date":"2018-01-03T10:13:49","date_gmt":"2018-01-03T12:13:49","guid":{"rendered":"https:\/\/spmar.com.br\/staging\/?page_id=802"},"modified":"2024-08-27T14:50:56","modified_gmt":"2024-08-27T17:50:56","slug":"imprensa","status":"publish","type":"page","link":"https:\/\/spmar.com.br\/staging\/imprensa\/","title":{"rendered":"Imprensa"},"content":{"rendered":"<p><strong>Rela\u00e7\u00f5es com a Imprensa: <\/strong><\/p>\n<p>Para mais informa\u00e7\u00f5es, d\u00favidas e solicita\u00e7\u00f5es de pautas, entre em contato com a nossa assessoria de comunica\u00e7\u00e3o:<\/p>\n<p>&nbsp;<\/p>\n<p>Victor Pereira \u2013 <a href=\"mailto:victor@gwa.com.br\">victor@gwa.com.br<\/a> \/ (11) 96931-5884<\/p>\n<p>Luiz Ferreira \u2013 <a href=\"mailto:luiz@gwa.com.br\">luiz@gwa.com.br<\/a> \/ (11) 99289-9024<\/p>\n<p>&nbsp;<\/p>\n","protected":false},"excerpt":{"rendered":"<p>Rela\u00e7\u00f5es com a Imprensa: Para mais informa\u00e7\u00f5es, d\u00favidas e solicita\u00e7\u00f5es de pautas, entre em contato com a nossa assessoria de comunica\u00e7\u00e3o: &nbsp; Victor Pereira \u2013 victor@gwa.com.br \/ (11) 96931-5884 Luiz Ferreira \u2013 luiz@gwa.com.br \/ (11) 99289-9024 &nbsp;<\/p>\n","protected":false},"author":1,"featured_media":0,"parent":0,"menu_order":0,"comment_status":"closed","ping_status":"closed","template":"","meta":{"_acf_changed":false,"inline_featured_image":false,"footnotes":""},"class_list":["post-802","page","type-page","status-publish","hentry"],"acf":[],"jetpack_sharing_enabled":true,"_links":{"self":[{"href":"https:\/\/spmar.com.br\/staging\/wp-json\/wp\/v2\/pages\/802","targetHints":{"allow":["GET"]}}],"collection":[{"href":"https:\/\/spmar.com.br\/staging\/wp-json\/wp\/v2\/pages"}],"about":[{"href":"https:\/\/spmar.com.br\/staging\/wp-json\/wp\/v2\/types\/page"}],"author":[{"embeddable":true,"href":"https:\/\/spmar.com.br\/staging\/wp-json\/wp\/v2\/users\/1"}],"replies":[{"embeddable":true,"href":"https:\/\/spmar.com.br\/staging\/wp-json\/wp\/v2\/comments?post=802"}],"version-history":[{"count":1,"href":"https:\/\/spmar.com.br\/staging\/wp-json\/wp\/v2\/pages\/802\/revisions"}],"predecessor-version":[{"id":804,"href":"https:\/\/spmar.com.br\/staging\/wp-json\/wp\/v2\/pages\/802\/revisions\/804"}],"wp:attachment":[{"href":"https:\/\/spmar.com.br\/staging\/wp-json\/wp\/v2\/media?parent=802"}],"curies":[{"name":"wp","href":"https:\/\/api.w.org\/{rel}","templated":true}]}}