{"id":1794,"date":"2019-10-18T16:12:25","date_gmt":"2019-10-18T19:12:25","guid":{"rendered":"https:\/\/spmar.com.br\/staging\/?page_id=1794"},"modified":"2024-08-30T13:03:08","modified_gmt":"2024-08-30T16:03:08","slug":"programa-de-integridade","status":"publish","type":"page","link":"https:\/\/spmar.com.br\/staging\/compliance\/programa-de-integridade\/","title":{"rendered":"Programa de Integridade"},"content":{"rendered":"\t\t<div data-elementor-type=\"wp-page\" data-elementor-id=\"1794\" class=\"elementor elementor-1794\" data-elementor-post-type=\"page\">\n\t\t\t\t<div class=\"elementor-element elementor-element-14c7a72 e-flex e-con-boxed e-con e-parent\" data-id=\"14c7a72\" data-element_type=\"container\" data-e-type=\"container\">\n\t\t\t\t\t<div class=\"e-con-inner\">\n\t\t\t\t<div class=\"elementor-element elementor-element-71a2ef70 elementor-widget elementor-widget-text-editor\" data-id=\"71a2ef70\" data-element_type=\"widget\" data-e-type=\"widget\" data-widget_type=\"text-editor.default\">\n\t\t\t\t<div class=\"elementor-widget-container\">\n\t\t\t\t\t\t\t\t\t<p><img decoding=\"async\" class=\"aligncenter wp-image-1834 size-medium\" src=\"https:\/\/spmar.com.br\/staging\/wp-content\/uploads\/2019\/11\/logo_compliance-300x102.jpg\" alt=\"\" width=\"300\" height=\"102\" srcset=\"https:\/\/spmar.com.br\/staging\/wp-content\/uploads\/2019\/11\/logo_compliance-300x102.jpg 300w, https:\/\/spmar.com.br\/staging\/wp-content\/uploads\/2019\/11\/logo_compliance-768x261.jpg 768w, https:\/\/spmar.com.br\/staging\/wp-content\/uploads\/2019\/11\/logo_compliance-1024x349.jpg 1024w, https:\/\/spmar.com.br\/staging\/wp-content\/uploads\/2019\/11\/logo_compliance-211x72.jpg 211w\" sizes=\"(max-width: 300px) 100vw, 300px\" \/><\/p><p style=\"text-align: right;\">S\u00e3o Paulo, 23 de maio de 2022.<\/p><p>Programa de Integridade da SPMar: Compromisso com a \u00c9tica e Transpar\u00eancia<\/p><p>Na SPMar, acreditamos que o combate \u00e0 corrup\u00e7\u00e3o \u00e9 uma das maiores batalhas dos nossos tempos, e estamos totalmente comprometidos com essa causa. A corrup\u00e7\u00e3o tem efeitos devastadores, prejudicando a confian\u00e7a dos investidores, o desenvolvimento sustent\u00e1vel dos neg\u00f3cios e, em \u00faltima an\u00e1lise, afetando toda a sociedade.<\/p><p>Em resposta a esse desafio, a SPMar possui um robusto Programa de Integridade (ou Programa de Compliance), alinhado com as melhores pr\u00e1ticas do mercado. Esse programa tem como objetivo principal garantir que todas as nossas opera\u00e7\u00f5es sejam conduzidas com transpar\u00eancia, \u00e9tica e respeito \u00e0s leis.<\/p><p>Na SPMar, a integridade n\u00e3o \u00e9 apenas uma vantagem competitiva, mas um compromisso claro com a governan\u00e7a respons\u00e1vel. Estamos determinados a promover um ambiente de neg\u00f3cios limpo, justo e transparente, que resulte em servi\u00e7os de qualidade para a sociedade, livres de qualquer forma de corrup\u00e7\u00e3o.<\/p><p>Nosso Programa de Integridade foi desenvolvido com o apoio de especialistas no assunto, garantindo que nossa concess\u00e3o adote as melhores pr\u00e1ticas de \u00e9tica corporativa. Adotamos uma pol\u00edtica de &#8220;toler\u00e2ncia zero&#8221; para qualquer desvio de conduta ou ilegalidade identificada.<\/p><p>Contamos com a colabora\u00e7\u00e3o de todos para tornar a SPMar uma empresa ainda mais \u00e9tica e \u00edntegra em todas as suas a\u00e7\u00f5es. Juntos, faremos da SPMar um exemplo de transpar\u00eancia e honestidade no setor.<\/p>\t\t\t\t\t\t\t\t<\/div>\n\t\t\t\t<\/div>\n\t\t<div class=\"elementor-element elementor-element-fbdf59d e-con-full e-flex e-con e-child\" data-id=\"fbdf59d\" data-element_type=\"container\" data-e-type=\"container\">\n\t\t\t\t<div class=\"elementor-element elementor-element-c9cda7b elementor-mobile-align-justify elementor-widget-mobile__width-auto elementor-tablet-align-justify elementor-align-justify elementor-widget__width-inherit elementor-widget elementor-widget-button\" data-id=\"c9cda7b\" data-element_type=\"widget\" data-e-type=\"widget\" data-widget_type=\"button.default\">\n\t\t\t\t<div class=\"elementor-widget-container\">\n\t\t\t\t\t\t\t\t\t<div class=\"elementor-button-wrapper\">\n\t\t\t\t\t<a class=\"elementor-button elementor-button-link elementor-size-sm\" href=\"https:\/\/spmar.com.br\/staging\/compliance\/codigo-de-etica\/\" target=\"_blank\">\n\t\t\t\t\t\t<span class=\"elementor-button-content-wrapper\">\n\t\t\t\t\t\t\t\t\t<span class=\"elementor-button-text\">C\u00f3digo de Conduta \u00c9tica<\/span>\n\t\t\t\t\t<\/span>\n\t\t\t\t\t<\/a>\n\t\t\t\t<\/div>\n\t\t\t\t\t\t\t\t<\/div>\n\t\t\t\t<\/div>\n\t\t\t\t<div class=\"elementor-element elementor-element-48dafa4 elementor-mobile-align-justify elementor-widget-mobile__width-auto elementor-tablet-align-justify elementor-align-justify elementor-widget__width-inherit elementor-widget elementor-widget-button\" data-id=\"48dafa4\" data-element_type=\"widget\" data-e-type=\"widget\" data-widget_type=\"button.default\">\n\t\t\t\t<div class=\"elementor-widget-container\">\n\t\t\t\t\t\t\t\t\t<div class=\"elementor-button-wrapper\">\n\t\t\t\t\t<a class=\"elementor-button elementor-button-link elementor-size-sm\" href=\"https:\/\/canal.ouvidordigital.com.br\/spmar\" target=\"_blank\">\n\t\t\t\t\t\t<span class=\"elementor-button-content-wrapper\">\n\t\t\t\t\t\t\t\t\t<span class=\"elementor-button-text\">Canal Confidencial de Den\u00fancias<\/span>\n\t\t\t\t\t<\/span>\n\t\t\t\t\t<\/a>\n\t\t\t\t<\/div>\n\t\t\t\t\t\t\t\t<\/div>\n\t\t\t\t<\/div>\n\t\t\t\t<\/div>\n\t\t\t\t\t<\/div>\n\t\t\t\t<\/div>\n\t\t\t\t<\/div>\n\t\t","protected":false},"excerpt":{"rendered":"<p>S\u00e3o Paulo, 23 de maio de 2022. Programa de Integridade da SPMar: Compromisso com a \u00c9tica e Transpar\u00eancia Na SPMar, acreditamos que o combate \u00e0 corrup\u00e7\u00e3o \u00e9 uma das maiores batalhas dos nossos tempos, e estamos totalmente comprometidos com essa causa. A corrup\u00e7\u00e3o tem efeitos devastadores, prejudicando a confian\u00e7a dos investidores, o desenvolvimento sustent\u00e1vel dos [&hellip;]<\/p>\n","protected":false},"author":1,"featured_media":0,"parent":1960,"menu_order":5,"comment_status":"closed","ping_status":"closed","template":"","meta":{"_acf_changed":false,"inline_featured_image":false,"footnotes":""},"class_list":["post-1794","page","type-page","status-publish","hentry"],"acf":[],"jetpack_sharing_enabled":true,"_links":{"self":[{"href":"https:\/\/spmar.com.br\/staging\/wp-json\/wp\/v2\/pages\/1794","targetHints":{"allow":["GET"]}}],"collection":[{"href":"https:\/\/spmar.com.br\/staging\/wp-json\/wp\/v2\/pages"}],"about":[{"href":"https:\/\/spmar.com.br\/staging\/wp-json\/wp\/v2\/types\/page"}],"author":[{"embeddable":true,"href":"https:\/\/spmar.com.br\/staging\/wp-json\/wp\/v2\/users\/1"}],"replies":[{"embeddable":true,"href":"https:\/\/spmar.com.br\/staging\/wp-json\/wp\/v2\/comments?post=1794"}],"version-history":[{"count":18,"href":"https:\/\/spmar.com.br\/staging\/wp-json\/wp\/v2\/pages\/1794\/revisions"}],"predecessor-version":[{"id":4663,"href":"https:\/\/spmar.com.br\/staging\/wp-json\/wp\/v2\/pages\/1794\/revisions\/4663"}],"up":[{"embeddable":true,"href":"https:\/\/spmar.com.br\/staging\/wp-json\/wp\/v2\/pages\/1960"}],"wp:attachment":[{"href":"https:\/\/spmar.com.br\/staging\/wp-json\/wp\/v2\/media?parent=1794"}],"curies":[{"name":"wp","href":"https:\/\/api.w.org\/{rel}","templated":true}]}}