{"id":177,"date":"2017-08-08T11:02:49","date_gmt":"2017-08-08T14:02:49","guid":{"rendered":"http:\/\/spmar.crpweb.com.br\/?page_id=177"},"modified":"2024-08-29T13:12:21","modified_gmt":"2024-08-29T16:12:21","slug":"tarifas-de-pedagio","status":"publish","type":"page","link":"https:\/\/spmar.com.br\/staging\/pedagio\/tarifas-de-pedagio\/","title":{"rendered":"Tarifas de ped\u00e1gio"},"content":{"rendered":"\n<p class=\"has-large-font-size\"><\/p>\n\n\n\n<h2 class=\"wp-block-heading\">Tarifas de Ped\u00e1gio<\/h2>\n\n\n\n<figure class=\"wp-block-image size-large\"><img fetchpriority=\"high\" decoding=\"async\" width=\"1024\" height=\"539\" src=\"https:\/\/spmar.com.br\/staging\/wp-content\/uploads\/2024\/06\/Trecho-Sul-5-1024x539.jpg\" alt=\"\" class=\"wp-image-3578\" srcset=\"https:\/\/spmar.com.br\/staging\/wp-content\/uploads\/2024\/06\/Trecho-Sul-5-1024x539.jpg 1024w, https:\/\/spmar.com.br\/staging\/wp-content\/uploads\/2024\/06\/Trecho-Sul-5-300x158.jpg 300w, https:\/\/spmar.com.br\/staging\/wp-content\/uploads\/2024\/06\/Trecho-Sul-5-768x404.jpg 768w, https:\/\/spmar.com.br\/staging\/wp-content\/uploads\/2024\/06\/Trecho-Sul-5-1536x809.jpg 1536w, https:\/\/spmar.com.br\/staging\/wp-content\/uploads\/2024\/06\/Trecho-Sul-5-2048x1078.jpg 2048w, https:\/\/spmar.com.br\/staging\/wp-content\/uploads\/2024\/06\/Trecho-Sul-5-211x111.jpg 211w, https:\/\/spmar.com.br\/staging\/wp-content\/uploads\/2024\/06\/Trecho-Sul-5-200x105.jpg 200w\" sizes=\"(max-width: 1024px) 100vw, 1024px\" \/><\/figure>\n\n\n\n<figure class=\"wp-block-image size-large\"><img decoding=\"async\" width=\"1024\" height=\"539\" src=\"https:\/\/spmar.com.br\/staging\/wp-content\/uploads\/2024\/06\/Trecho-Leste-4-1024x539.jpg\" alt=\"\" class=\"wp-image-3576\" srcset=\"https:\/\/spmar.com.br\/staging\/wp-content\/uploads\/2024\/06\/Trecho-Leste-4-1024x539.jpg 1024w, https:\/\/spmar.com.br\/staging\/wp-content\/uploads\/2024\/06\/Trecho-Leste-4-300x158.jpg 300w, https:\/\/spmar.com.br\/staging\/wp-content\/uploads\/2024\/06\/Trecho-Leste-4-768x404.jpg 768w, https:\/\/spmar.com.br\/staging\/wp-content\/uploads\/2024\/06\/Trecho-Leste-4-1536x809.jpg 1536w, https:\/\/spmar.com.br\/staging\/wp-content\/uploads\/2024\/06\/Trecho-Leste-4-2048x1078.jpg 2048w, https:\/\/spmar.com.br\/staging\/wp-content\/uploads\/2024\/06\/Trecho-Leste-4-211x111.jpg 211w, https:\/\/spmar.com.br\/staging\/wp-content\/uploads\/2024\/06\/Trecho-Leste-4-200x105.jpg 200w\" sizes=\"(max-width: 1024px) 100vw, 1024px\" \/><\/figure>\n\n\n<h2>\u00a0<\/h2>\n<p><strong>Formas de Pagamento<\/strong><br \/>O pagamento da tarifa de ped\u00e1gio pode ser realizado em dinheiro, cart\u00e3o de d\u00e9bito por aproxima\u00e7\u00e3o, cheque ou vale-ped\u00e1gio (DBTRANS e VISA VALE &#8211; todas as bandeiras vigentes na CIELO) e vale-ped\u00e1gio eletr\u00f4nico (CONECTCAR, MOVEMAIS, SEM PARAR, TAGGY e VELOE).<\/p>\n<p>Para a ades\u00e3o ou informa\u00e7\u00e3o do pagamento do ped\u00e1gio eletr\u00f4nico, orientamos voc\u00ea a se informar nas empresas operadoras do servi\u00e7o:<\/p>\n<p><a href=\"http:\/\/www.conectcar.com\"><img decoding=\"async\" class=\"alignnone wp-image-2047 size-full\" src=\"https:\/\/spmar.com.br\/staging\/wp-content\/uploads\/2020\/04\/logo1-conectcar-normal.png\" alt=\"\" width=\"110\" height=\"110\" \/><\/a><a href=\"http:\/\/www.movemais.com\"><img loading=\"lazy\" decoding=\"async\" class=\"size-medium wp-image-2048 alignnone\" src=\"https:\/\/spmar.com.br\/staging\/wp-content\/uploads\/2020\/04\/logo2-movemais-normal.png\" alt=\"\" width=\"110\" height=\"110\" \/><\/a><a href=\"http:\/\/www.semparar.com.br\"><img loading=\"lazy\" decoding=\"async\" class=\"size-medium wp-image-2049 alignnone\" src=\"https:\/\/spmar.com.br\/staging\/wp-content\/uploads\/2020\/04\/logo3-semparar-normal.png\" alt=\"\" width=\"110\" height=\"110\" \/><\/a><a href=\"https:\/\/taggy.com.br\/ParceirosComerciais\"><img loading=\"lazy\" decoding=\"async\" class=\"alignnone wp-image-2050 size-full\" src=\"https:\/\/spmar.com.br\/staging\/wp-content\/uploads\/2020\/04\/logo4-taggy-normal.png\" alt=\"\" width=\"110\" height=\"110\" \/><\/a><a href=\"http:\/\/www.veloe.com.br\"><img loading=\"lazy\" decoding=\"async\" class=\"size-medium wp-image-2051 alignnone\" src=\"https:\/\/spmar.com.br\/staging\/wp-content\/uploads\/2020\/04\/logo5-veloe-normal.png\" alt=\"\" width=\"110\" height=\"110\" \/><\/a><\/p>\n<p><strong>Evolu\u00e7\u00e3o das tarifas nos \u00faltimos cinco anos<\/strong><\/p>\n<p>Em cumprimento ao par\u00e1grafo 5\u00ba do artigo 9\u00ba da Lei Federal n\u00ba 8987\/95, a concession\u00e1ria SPMAR informa aos seus usu\u00e1rios o valor de todas as tarifas cobradas e a evolu\u00e7\u00e3o das revis\u00f5es e reajustes ocorridos nos \u00faltimos cinco anos.<\/p>\n<p><a href=\"https:\/\/spmar.com.br\/staging\/pedagio\/tarifas-de-pedagio\/evolucao-das-tarifas\/\"><strong>Clique aqui<\/strong><\/a> para visualizar a evolu\u00e7\u00e3o nos \u00faltimos cinco anos.<\/p>","protected":false},"excerpt":{"rendered":"<p>Tarifas de Ped\u00e1gio \u00a0 Formas de PagamentoO pagamento da tarifa de ped\u00e1gio pode ser realizado em dinheiro, cart\u00e3o de d\u00e9bito por aproxima\u00e7\u00e3o, cheque ou vale-ped\u00e1gio (DBTRANS e VISA VALE &#8211; todas as bandeiras vigentes na CIELO) e vale-ped\u00e1gio eletr\u00f4nico (CONECTCAR, MOVEMAIS, SEM PARAR, TAGGY e VELOE). Para a ades\u00e3o ou informa\u00e7\u00e3o do pagamento do ped\u00e1gio [&hellip;]<\/p>\n","protected":false},"author":1,"featured_media":4176,"parent":1228,"menu_order":11,"comment_status":"closed","ping_status":"closed","template":"","meta":{"_acf_changed":false,"inline_featured_image":false,"footnotes":""},"class_list":["post-177","page","type-page","status-publish","has-post-thumbnail","hentry"],"acf":[],"jetpack_sharing_enabled":true,"_links":{"self":[{"href":"https:\/\/spmar.com.br\/staging\/wp-json\/wp\/v2\/pages\/177","targetHints":{"allow":["GET"]}}],"collection":[{"href":"https:\/\/spmar.com.br\/staging\/wp-json\/wp\/v2\/pages"}],"about":[{"href":"https:\/\/spmar.com.br\/staging\/wp-json\/wp\/v2\/types\/page"}],"author":[{"embeddable":true,"href":"https:\/\/spmar.com.br\/staging\/wp-json\/wp\/v2\/users\/1"}],"replies":[{"embeddable":true,"href":"https:\/\/spmar.com.br\/staging\/wp-json\/wp\/v2\/comments?post=177"}],"version-history":[{"count":51,"href":"https:\/\/spmar.com.br\/staging\/wp-json\/wp\/v2\/pages\/177\/revisions"}],"predecessor-version":[{"id":4654,"href":"https:\/\/spmar.com.br\/staging\/wp-json\/wp\/v2\/pages\/177\/revisions\/4654"}],"up":[{"embeddable":true,"href":"https:\/\/spmar.com.br\/staging\/wp-json\/wp\/v2\/pages\/1228"}],"wp:featuredmedia":[{"embeddable":true,"href":"https:\/\/spmar.com.br\/staging\/wp-json\/wp\/v2\/media\/4176"}],"wp:attachment":[{"href":"https:\/\/spmar.com.br\/staging\/wp-json\/wp\/v2\/media?parent=177"}],"curies":[{"name":"wp","href":"https:\/\/api.w.org\/{rel}","templated":true}]}}