{"id":171,"date":"2017-08-08T10:54:17","date_gmt":"2017-08-08T13:54:17","guid":{"rendered":"http:\/\/spmar.crpweb.com.br\/?page_id=171"},"modified":"2024-08-27T16:03:24","modified_gmt":"2024-08-27T19:03:24","slug":"servico-de-atendimento-ao-usuario","status":"publish","type":"page","link":"https:\/\/spmar.com.br\/staging\/servicos\/servico-de-atendimento-ao-usuario\/","title":{"rendered":"Servi\u00e7o de atendimento ao usu\u00e1rio"},"content":{"rendered":"<h2>SAU &#8211; Servi\u00e7o de Atendimento ao Usu\u00e1rio<\/h2>\n<p>&nbsp;<\/p>\n<p>O SAU \u2013 Servi\u00e7o de Atendimento ao Usu\u00e1rio, \u00e9 um local preparado para voc\u00ea fazer uma pausa em sua viagem ou solicitar algum tipo de informa\u00e7\u00e3o ou atendimento. As quatro estruturas existentes s\u00e3o equipadas com banheiros, frald\u00e1rios, salas de espera com Wi-Fi e \u00e1gua.<\/p>\n<p>&nbsp;<\/p>\n<p>Estes locais contam com equipes e viaturas atuantes durante 24 horas, oferecendo uma estrutura completa de atendimento no que se refere a guinchos leves e pesados, resgate e atendimento pr\u00e9-hospitalar com ambul\u00e2ncias, recolhimento de animais soltos na faixa de dom\u00ednio e caminh\u00e3o-pipa para combater focos de inc\u00eandio e limpeza da rodovia.<\/p>\n<p>&nbsp;<\/p>\n<p>Aliado ao servi\u00e7o 0800-774-8877 (24 horas) e ao monitoramento cont\u00ednuo da rodovia feito pelas viaturas de inspe\u00e7\u00e3o de tr\u00e1fego e ve\u00edculos de apoio operacional, o SAU permite acionar com maior rapidez os recursos da concession\u00e1ria e da Pol\u00edcia Militar Rodovi\u00e1ria (PMR) no atendimento das v\u00e1rias situa\u00e7\u00f5es registradas diariamente.<\/p>\n<p>&nbsp;<\/p>\n<p><strong>Localiza\u00e7\u00e3o dos SAU\u00b4s (Servi\u00e7o de Atendimento ao Usu\u00e1rio):<\/strong><\/p>\n<p>CCO \u2013 km 41<br \/>\nSAU 1 \u2013 km 41<br \/>\nSAU 2 \u2013 km 68<br \/>\nSAU 3 \u2013 km 102<br \/>\nSAU 4 \u2013 km 121<\/p>\n<p>&nbsp;<\/p>\n<p><img fetchpriority=\"high\" decoding=\"async\" class=\"aligncenter size-large wp-image-2457\" src=\"https:\/\/spmar.com.br\/staging\/wp-content\/uploads\/2021\/04\/IMG_1789-1024x586.jpg\" alt=\"\" width=\"1024\" height=\"586\" srcset=\"https:\/\/spmar.com.br\/staging\/wp-content\/uploads\/2021\/04\/IMG_1789-1024x586.jpg 1024w, https:\/\/spmar.com.br\/staging\/wp-content\/uploads\/2021\/04\/IMG_1789-300x172.jpg 300w, https:\/\/spmar.com.br\/staging\/wp-content\/uploads\/2021\/04\/IMG_1789-768x440.jpg 768w, https:\/\/spmar.com.br\/staging\/wp-content\/uploads\/2021\/04\/IMG_1789-211x121.jpg 211w\" sizes=\"(max-width: 1024px) 100vw, 1024px\" \/><\/p>\n","protected":false},"excerpt":{"rendered":"<p>SAU &#8211; Servi\u00e7o de Atendimento ao Usu\u00e1rio &nbsp; O SAU \u2013 Servi\u00e7o de Atendimento ao Usu\u00e1rio, \u00e9 um local preparado para voc\u00ea fazer uma pausa em sua viagem ou solicitar algum tipo de informa\u00e7\u00e3o ou atendimento. As quatro estruturas existentes s\u00e3o equipadas com banheiros, frald\u00e1rios, salas de espera com Wi-Fi e \u00e1gua. &nbsp; Estes locais [&hellip;]<\/p>\n","protected":false},"author":1,"featured_media":4650,"parent":18,"menu_order":9,"comment_status":"closed","ping_status":"closed","template":"","meta":{"_acf_changed":false,"inline_featured_image":false,"footnotes":""},"class_list":["post-171","page","type-page","status-publish","has-post-thumbnail","hentry"],"acf":[],"jetpack_sharing_enabled":true,"_links":{"self":[{"href":"https:\/\/spmar.com.br\/staging\/wp-json\/wp\/v2\/pages\/171","targetHints":{"allow":["GET"]}}],"collection":[{"href":"https:\/\/spmar.com.br\/staging\/wp-json\/wp\/v2\/pages"}],"about":[{"href":"https:\/\/spmar.com.br\/staging\/wp-json\/wp\/v2\/types\/page"}],"author":[{"embeddable":true,"href":"https:\/\/spmar.com.br\/staging\/wp-json\/wp\/v2\/users\/1"}],"replies":[{"embeddable":true,"href":"https:\/\/spmar.com.br\/staging\/wp-json\/wp\/v2\/comments?post=171"}],"version-history":[{"count":8,"href":"https:\/\/spmar.com.br\/staging\/wp-json\/wp\/v2\/pages\/171\/revisions"}],"predecessor-version":[{"id":2459,"href":"https:\/\/spmar.com.br\/staging\/wp-json\/wp\/v2\/pages\/171\/revisions\/2459"}],"up":[{"embeddable":true,"href":"https:\/\/spmar.com.br\/staging\/wp-json\/wp\/v2\/pages\/18"}],"wp:featuredmedia":[{"embeddable":true,"href":"https:\/\/spmar.com.br\/staging\/wp-json\/wp\/v2\/media\/4650"}],"wp:attachment":[{"href":"https:\/\/spmar.com.br\/staging\/wp-json\/wp\/v2\/media?parent=171"}],"curies":[{"name":"wp","href":"https:\/\/api.w.org\/{rel}","templated":true}]}}